{"id":2,"date":"2025-06-07T16:14:49","date_gmt":"2025-06-07T14:14:49","guid":{"rendered":"https:\/\/rost-motion.com\/?page_id=2"},"modified":"2025-08-04T14:15:35","modified_gmt":"2025-08-04T12:15:35","slug":"beispiel-seite","status":"publish","type":"page","link":"https:\/\/rost-motion.com\/","title":{"rendered":"Home"},"content":{"rendered":"\n<h1 class=\"wp-block-heading\">3D Motion Design Agentur Berlin                                            <\/h1>\n\n\n\n<div class=\"wp-block-columns are-vertically-aligned-top is-layout-flex wp-container-core-columns-is-layout-28f84493 wp-block-columns-is-layout-flex\">\n<div class=\"wp-block-column is-vertically-aligned-top is-layout-flow wp-block-column-is-layout-flow\" style=\"flex-basis:50%\"><\/div>\n\n\n\n<div class=\"wp-block-column is-vertically-aligned-top is-layout-flow wp-block-column-is-layout-flow\" style=\"flex-basis:100%\">\n<p class=\"has-text-align-right has-theme-5-color has-theme-1-background-color has-text-color has-background has-link-color has-audiowide-font-family has-h-1-alt-font-size wp-elements-ddeb045cb048bf01185bdc259cbfdbdc\" style=\"border-style:none;border-width:0px;border-radius:0px;padding-top:0;padding-right:0;padding-bottom:0;padding-left:0\"><strong>Rost Motion<\/strong><\/p>\n<\/div>\n<\/div>\n\n\n\n<div class=\"wp-block-group alignfull has-contrast-color has-text-color has-link-color wp-elements-fb633c48c149b07e3f5a66d0ba4911d1 is-layout-constrained wp-container-core-group-is-layout-23b1a4dc wp-block-group-is-layout-constrained\" style=\"padding-top:var(--wp--preset--spacing--30);padding-right:var(--wp--preset--spacing--30);padding-bottom:var(--wp--preset--spacing--30);padding-left:var(--wp--preset--spacing--30)\">\n<figure class=\"wp-block-image aligncenter size-full\"><img loading=\"lazy\" decoding=\"async\" width=\"2560\" height=\"1440\" src=\"https:\/\/rost-motion.com\/wp-content\/uploads\/2025\/06\/suvirostmotion1-scaled.png\" alt=\"\" class=\"wp-image-329\" srcset=\"https:\/\/rost-motion.com\/wp-content\/uploads\/2025\/06\/suvirostmotion1-scaled.png 2560w, https:\/\/rost-motion.com\/wp-content\/uploads\/2025\/06\/suvirostmotion1-300x169.png 300w, https:\/\/rost-motion.com\/wp-content\/uploads\/2025\/06\/suvirostmotion1-1024x576.png 1024w, https:\/\/rost-motion.com\/wp-content\/uploads\/2025\/06\/suvirostmotion1-768x432.png 768w, https:\/\/rost-motion.com\/wp-content\/uploads\/2025\/06\/suvirostmotion1-1536x864.png 1536w, https:\/\/rost-motion.com\/wp-content\/uploads\/2025\/06\/suvirostmotion1-2048x1152.png 2048w\" sizes=\"auto, (max-width: 2560px) 100vw, 2560px\" \/><\/figure>\n\n\n\n<div class=\"wp-block-group is-layout-constrained wp-block-group-is-layout-constrained\">\n<div class=\"wp-block-group is-layout-constrained wp-block-group-is-layout-constrained\">\n<p class=\"has-text-align-center\" style=\"font-size:3.9rem\"><strong><mark style=\"background-color:rgba(0, 0, 0, 0);color:#fcb900\" class=\"has-inline-color\">Showreel<\/mark><\/strong><\/p>\n<\/div>\n<\/div>\n<\/div>\n\n\n\n<figure style=\"padding-top:0;padding-right:var(--wp--preset--spacing--50);padding-bottom:0;padding-left:var(--wp--preset--spacing--50)\" class=\"wp-block-video\"><video height=\"1080\" style=\"aspect-ratio: 1920 \/ 1080;\" width=\"1920\" autoplay controls loop muted src=\"https:\/\/rost-motion.com\/wp-content\/uploads\/2025\/06\/pitstoppersoundcheck1-1.mp4\"><\/video><\/figure>\n\n\n\n<p><\/p>\n\n\n\n<h2 class=\"wp-block-heading\">Progressives Design, das sich vom medialen&nbsp;<\/h2>\n\n\n\n<h2 class=\"wp-block-heading\">Gesamtrauschen abhebt.<\/h2>\n\n\n\n<h1 class=\"wp-block-heading has-text-align-center\"><br><strong><mark style=\"background-color:rgba(0, 0, 0, 0)\" class=\"has-inline-color has-theme-5-color\">Ihre Vision. Unsere Expertise.<\/mark> <\/strong><\/h1>\n\n\n\n<h1 class=\"wp-block-heading has-text-align-center has-h-1-alt-font-size\"><strong><mark style=\"background-color:rgba(0, 0, 0, 0)\" class=\"has-inline-color has-theme-5-color\">Ein Team.<\/mark><\/strong><br><\/h1>\n\n\n\n<div style=\"height:68px\" aria-hidden=\"true\" class=\"wp-block-spacer\"><\/div>\n\n\n\n<h2 class=\"wp-block-heading has-text-align-right\">Ob 3D-Projekte, innovative Ideen oder komplexe Herausforderungen<br>Rost Motion setzt Ihre Visionen mit Pr\u00e4zision und Kreativit\u00e4t in die Realit\u00e4t um.<\/h2>\n\n\n\n<p><\/p>\n","protected":false},"excerpt":{"rendered":"<p>3D Motion Design Agentur Berlin Rost Motion Showreel Progressives Design, das sich vom medialen&nbsp; Gesamtrauschen abhebt. Ihre Vision. Unsere Expertise. Ein Team. Ob 3D-Projekte, innovative Ideen oder komplexe HerausforderungenRost Motion setzt Ihre Visionen mit Pr\u00e4zision und Kreativit\u00e4t in die Realit\u00e4t um.<\/p>\n","protected":false},"author":1,"featured_media":0,"parent":0,"menu_order":0,"comment_status":"closed","ping_status":"open","template":"","meta":{"footnotes":""},"class_list":["post-2","page","type-page","status-publish","hentry"],"_links":{"self":[{"href":"https:\/\/rost-motion.com\/index.php?rest_route=\/wp\/v2\/pages\/2","targetHints":{"allow":["GET"]}}],"collection":[{"href":"https:\/\/rost-motion.com\/index.php?rest_route=\/wp\/v2\/pages"}],"about":[{"href":"https:\/\/rost-motion.com\/index.php?rest_route=\/wp\/v2\/types\/page"}],"author":[{"embeddable":true,"href":"https:\/\/rost-motion.com\/index.php?rest_route=\/wp\/v2\/users\/1"}],"replies":[{"embeddable":true,"href":"https:\/\/rost-motion.com\/index.php?rest_route=%2Fwp%2Fv2%2Fcomments&post=2"}],"version-history":[{"count":36,"href":"https:\/\/rost-motion.com\/index.php?rest_route=\/wp\/v2\/pages\/2\/revisions"}],"predecessor-version":[{"id":364,"href":"https:\/\/rost-motion.com\/index.php?rest_route=\/wp\/v2\/pages\/2\/revisions\/364"}],"wp:attachment":[{"href":"https:\/\/rost-motion.com\/index.php?rest_route=%2Fwp%2Fv2%2Fmedia&parent=2"}],"curies":[{"name":"wp","href":"https:\/\/api.w.org\/{rel}","templated":true}]}}